 common factor of x and 30?
6
Suppose 58 = 5*k + 338. Let v be 750/14 + (-24)/k. What is the greatest common divisor of 198 and v?
18
Suppose 2*n = 9*n + 14. Let u be (n/(-4))/(-2 - 7782/(-3888)). Suppose u = 4*g + 44. What is the greatest common divisor of g and 175?
35
Let r = 22339 + -22213. Calculate the highest common divisor of r and 1848.
42
Let r = -4 + -6. Let y be -1*r/3 + 40/60. Suppose b = y*f - 243, -2*f + 128 = -b + 5. Calculate the greatest common factor of 150 and f.
30
Let g be 221 - -8*1/(-8)*-4. Suppose 0 = 3*l + 2*l - 5*v + g, 0 = -3*l + v - 143. Let k be 9*33 - 7/(l/21). Calculate the highest common divisor of k and 120.
60
Let a = 70 + -63. Let h(p) = -p**3 + 6*p**2 + 10*p - 5. Let r be h(a). Suppose -2*o - 3 = -7. Calculate the greatest common factor of o and r.
2
Let x(u) = -u**3 - 120*u**2 - 686*u - 167. Let q be x(-114). Calculate the greatest common factor of q and 17995.
61
Let a = 109 - 59. Suppose j = -5*l + 775, -5*j - 93*l + 88*l = -3975. What is the greatest common divisor of a and j?
50
Let z(a) be the first derivative of -a**4/4 + 26*a**3/3 - 12*a**2 + 25*a + 117. Let r be z(25). Calculate the highest common factor of 150 and r.
50
Suppose -124*d + 298*d + 138*d = 11544. What is the highest common factor of d and 26233?
37
Let d(k) = -6*k + 62. Let t be ((-474)/18 - 2) + 2/6. Let h be d(t). Calculate the highest common factor of 138 and h.
46
Suppose -3*c - 2 = 22. Let q be (4/(-6))/(c/(-12)). Let r(v) = -22*v. Let i be r(q). What is the highest common divisor of 110 and i?
22
Let s = 2 - -2. Suppose 5*c = s*i + 26, 2*c + 2*c = -5*i + 29. Let f be 12 + (-10 - -7) - 0. Calculate the greatest common divisor of c and f.
3
Let i = 150 - 148. Let v be (-30)/(-15)*9/i. What is the greatest common factor of 9 and v?
9
Let q = -17104 + 26879. Calculate the highest common factor of 170 and q.
85
Suppose 37*f - 155*f + 213415 = 15883. What is the highest common divisor of f and 378?
54
Suppose 0 = 4*j - 7*j + 3. Let i be (-1)/((-2261)/5605 - (-4)/10). Let m = i + -293. Calculate the greatest common divisor of m and j.
1
Suppose -4*t = -8, w - 821 = -3*t - 485. Calculate the highest common factor of 210 and w.
30
Let k = 240 - 204. Let b be -38*(1/1)/(-1). Let v = b - k. Calculate the highest common factor of 8 and v.
2
Let s = 2525 + -2206. What is the greatest common divisor of 609 and s?
29
Let x be 1*(4 + -2)*3. Let p(h) = -1850*h + 5568. Let o be p(3). Calculate the greatest common factor of x and o.
6
Suppose 0 = -2*z - 10, -j - 4*z = -2*z - 13. What is the highest common factor of j and 1840?
23
Let h = -8343 - -8993. What is the greatest common divisor of 1000 and h?
50
Suppose -10 - 54 = -4*c. Suppose 5*h + 70 = 2*y, -2*h + 18 - 14 = 0. Calculate the greatest common divisor of c and y.
8
Let r be 1/(5/8*18/(-1530)). Let o be ((-6)/4)/(17/r). What is the highest common factor of o and 36?
12
Suppose 80*d = 91*d + 284*d - 125375. What is the greatest common factor of d and 1450?
25
Let y be (107/12*6)/((-2)/4). Let n = -43 + y. Let b = n - -220. What is the highest common factor of b and 28?
14
Let y(p) = 933*p + 73 - 15 - 934*p. Suppose 2*w - 43 = 9. Let o be y(w). Calculate the greatest common factor of o and 32.
32
Let l = -18 + 9. Let w(q) = q**2 + 5*q - 42. Let n be w(l). Let z be 8/n + 1150/75. What is the highest common divisor of 126 and z?
14
Suppose 0*n - 8 = -2*n. Suppose -2*x + 202 - 214 = -3*t, -5*t + 3*x = -19. Let g be (n + 3 + -4)/(2/t). What is the highest common factor of 27 and g?
3
Suppose -11*o = -19*o + 24. Suppose o*t + 125 = 3*l - t, 0 = 3*l + t - 115. Calculate the greatest common factor of 312 and l.
39
Suppose -d + 3*y + 50 = 0, 8*y - 13*y + 66 = d. Suppose x = 5*x - 64. Calculate the highest common divisor of x and d.
8
Let d = 113 - 9. Suppose -48 = -6853*h + 6847*h. What is the greatest common factor of h and d?
8
Suppose -3035*a + 1520*a + 1527*a = 23124. Calculate the greatest common factor of 47 and a.
47
Let f = 631 - 551. What is the highest common factor of f and 530?
10
Suppose 40*d - 32475 + 6478 - 9643 = 0. What is the greatest common divisor of 792 and d?
99
Suppose -l - 62 - 77 = 5*p, 0 = -5*p + l - 141. Let k(w) = 92*w + 117. Let j be k(-2). Let v = p - j. Calculate the highest common factor of 26 and v.
13
Let j(k) = -k**3 + 5*k**2 + 4*k - 6. Let c be j(4). Let x = 7183 + -6923. What is the greatest common factor of x and c?
26
Let x = -1013 + 1912. Calculate the greatest common divisor of 310 and x.
31
Suppose -4*g - 24 = 0, 271 = 2*c + g + 97. Calculate the greatest common factor of 12 and c.
6
Suppose 0 = 28*i - 663 - 2669. What is the greatest common factor of i and 323?
17
Let g be 108/((-5)/(-4) - (0 - -1)). Suppose g = -198*b + 204*b. Calculate the highest common factor of 252 and b.
36
Suppose 499 = 7*o + o - 285. Suppose 5*u = -5*t + 30, -7*t - 6 = -4*u - 2*t. Suppose 0 = -3*b + u*b - 14. Calculate the highest common divisor of o and b.
14
Let p = -107641 + 108041. Let o(l) = l**3 + 10*l**2 + 11*l + 10. Let j be o(-7). Calculate the greatest common divisor of j and p.
80
Let j = -30 + 35. Suppose 2*x = -3*y + 36, -28 - 28 = -3*x - j*y. Let m(h) = 22*h**2 - h - 2. Let o be m(2). What is the highest common divisor of o and x?
12
Let c be (3*-1 - -1)/(116/(-242730)). Calculate the greatest common factor of c and 405.
135
Let t = -14 - -38. Let o be ((-20)/(-45))/(t/108). What is the highest common factor of 27 and o?
1
Let b = 5705 - 5692. What is the highest common divisor of 34879 and b?
13
Let h be -108*(-4)/8 - (22 + -28). What is the highest common factor of 6870 and h?
30
Suppose 4*w = -6*a + 4*a + 380, 0 = -3*a. Suppose 49 + w = 12*l. What is the highest common factor of 16 and l?
4
Let v be ((-2)/(2 + 6))/(125/(-1023500)). What is the greatest common factor of v and 23?
23
Let n(r) = 28*r**2 + 2*r + 2. Let z be n(-4). Let i = 207462 - 207436. What is the highest common factor of z and i?
26
Suppose 3*q - 94*v - 123 = -99*v, 19*q = -v + 595. Suppose 0 = -2*b + 6*b. Suppose 0 = 2*f - b*f - 186. Calculate the highest common factor of f and q.
31
Suppose -2636*m - 603817 = -2716*m + 75943. Calculate the highest common divisor of 145 and m.
29
Let t = 1103 + -943. What is the greatest common divisor of 220 and t?
20
Let v = -142 - -227. Let o = v + -52. What is the greatest common divisor of 209 and o?
11
Let s be (384/(-9))/(2/(-6)). Suppose -2*w - a = 3*w - 1055, 3*a = 3*w - 633. Suppose w - 179 = m. What is the highest common factor of m and s?
32
Let f be (-8)/(-6) - 14/(-21). Suppose h + f*h - 270 = 0. Calculate the highest common factor of h and 36.
18
Suppose -10*g + 13*g + 3*y = 1137, -3*g + 1119 = -3*y. Let m be g/2*(-5 - 21/(-4)). Calculate the highest common divisor of m and 423.
47
Let i(q) = q**3 + 14*q**2 - 11*q - 145. Let d be i(-14). Let k(s) = -3 + 0 + 15*s + 9. Let h be k(5). Calculate the greatest common divisor of h and d.
9
Let s be -5 - -16 - 2 - -855. Calculate the greatest common factor of s and 1368.
72
Suppose 16227*c - 12054 = 16220*c. What is the greatest common factor of 14 and c?
14
Suppose -39952*r = -39955*r + 108. Calculate the greatest common factor of r and 7560.
36
Let a(d) = -3*d + 4. Let o be a(-1). Suppose 6*x = o*x - 2. Suppose -2*v = x*z - 22, v + 17 = 3*z - 4*v. Calculate the greatest common divisor of 63 and z.
9
Let o be 284 + 9*(240/9)/20. Calculate the greatest common factor of 37 and o.
37
Suppose -4*o + 2*p = -26, 0 = -4*o - 2*p + 5*p + 25. Suppose -75 = 2*z - o. Let m = 42 + z. Calculate the highest common factor of 40 and m.
8
Suppose -235083 - 324934 = -147*k - 40960. Calculate the highest common divisor of k and 5136.
321
Suppose -4*s = -40 - 100. Let r(a) = 947*a - 108837. Let l be r(116). What is the highest common factor of l and s?
35
Suppose -3*g - 13 = -4*g. Let b(q) = 14*q - 180. Let o be b(12). Let d = 77 + o. Calculate the highest common factor of d and g.
13
Let s = -71 + 71. Suppose -5*i - 5 = 0, s*j + 4*j - 472 = 4*i. Let x = 7 + 6. What is the highest common divisor of x and j?
13
Suppose -11*p - 4*p + 21*p = 1248. What is the greatest common divisor of p and 144?
16
Let g be 118/3 - (28/(-6) + 4). Suppose -5*r + 3*a = -1012, r - 3*r + 3*a = -412. What is the greatest common divisor of r and g